k(g) = g**2 + a*g**2 + 0*g**2 - 2*g**2 + 8 + 5*g. Calculate k(7).
-6
Let m(i) = -i**3 + 8*i**2 - 10*i + 9. Suppose 6*s - 7 = x + 3*s, 5*x + 5*s - 65 = 0. Suppose x*w + 13*w = 147. Calculate m(w).
-12
Let n(m) = -2*m**3 - 107*m**2 + 475*m + 4332. Let d be n(-57). Let s(y) be the first derivative of y**4/4 - y**3/3 + 3*y + 1. Give s(d).
3
Let g be 15/3 - 0/(-15). Let t(c) be the first derivative of c**5/120 - c**4/6 - c**3 - 5. Let i(v) be the third derivative of t(v). Calculate i(g).
1
Let x(s) = s**3 + 14*s**2 + 6*s - 31. Let r be x(-13). Let g be (45/r)/((-1)/(-4)). Let i(a) = 3*a - 2. Give i(g).
7
Let c(v) = -4*v + 5. Let k(p) = 12*p - 16. Suppose n - 4*d + 0*d - 54 = 0, -2*d + 182 = 5*n. Let y = n - 28. Let r(l) = y*c(l) + 3*k(l). Determine r(2).
-6
Suppose -826 = -6*j + 1148. Let i(w) = -j*w - 4 + 3 + w**2 + 333*w. Calculate i(-6).
11
Suppose -3*g - 1352*u - 45 = -1349*u, -4*u + 48 = -5*g. Let y(c) = -c**3 - 10*c**2 + 27*c + 40. Determine y(g).
4
Let b(h) = -39*h + 9. Let l(f) = -f + 10*f - 6 + 4*f + 12*f. Let o(p) = -5*b(p) - 8*l(p). Let j be 12/7 + (-2)/(-7). What is o(j)?
-7
Let r be 6/(-5)*(-7 - 224/(-7)). Let o = -36 - r. Let g(i) = i**2 + 5*i - 3. What is g(o)?
3
Let m(f) be the third derivative of f**5/60 - f**4/24 + 7*f**3/6 - 158*f**2 + f. What is m(6)?
37
Let m(o) = 20*o + 1. Let h(c) = 166*c + 832. Let u be h(-5). Calculate m(u).
41
Suppose 0 = b - 5*w - 14, 3*b = 3*w - 5*w - 26. Let c = 11 + -8. Let n(s) = 17*s**2 - 23*s**2 + 7 - 3 - s**c. Determine n(b).
4
Let l(k) = k - 4. Let g be l(7). Let i(p) = 405*p + 0*p**3 - 406*p - 3 + p**g. Determine i(0).
-3
Let v(f) = -5*f**3 - 19*f**2 - 26*f - 21. Let a(o) = 6*o**3 + 19*o**2 + 26*o + 21. Let q(i) = -3*a(i) - 4*v(i). Give q(-8).
5
Let i(o) be the first derivative of -1/2*o**2 - 13 - 1/4*o**4 - 4*o + 5/3*o**3. Suppose -p = -4*m + 2*p + 20, 15 = 3*m + p. Give i(m).
-9
Suppose -4 = -2*p + 4*d, -6 = 5*p - 3*d - 37. Let o = -16 + p. Let u(r) = -r**3 - 8*r**2 - 9. Give u(o).
-9
Suppose 27*f = 56*f - 145. Suppose -5*c + 6 = -j + 27, f*c + 25 = 0. Let z(u) = -u**2 - 2 + 0 - 6*u - 4. Calculate z(j).
2
Suppose 0 = -b + 4*f - 627 + 610, 2*b - 4*f + 14 = 0. Let l(r) = -r**3 + 2*r**2 - 3*r + 9. Determine l(b).
-9
Let a(x) = -x**3 - x**2 - 3*x. Let o(w) = -10*w**2 - 82*w + 180. Let r be o(-10). Determine a(r).
0
Let x be (-2)/4*(0 + 0). Let h(i) = -18 - i - 22 + 83 - 15 - 24 - 11. Determine h(x).
-7
Suppose -5*h = 0, 5*k + 0*h + 4*h + 10 = 0. Let v(a) = 37125 - 37126 + 3*a + 0*a. Calculate v(k).
-7
Let o(u) be the first derivative of 20*u + 0*u**2 - 1 - 3/2*u**3 + 1/12*u**4. Let h(r) be the first derivative of o(r). Determine h(8).
-8
Let k(q) = 5*q**2 + 9*q + 5. Let n(d) = -7*d**2 - 12*d - 7. Let h(c) = -3*k(c) - 2*n(c). What is h(-6)?
-19
Suppose -5*b = 2*a - 17, 4*b - 16 = -0*a - a. Let c(f) be the first derivative of 3*f - 2*f**3 - 1/4*f**4 + 50 - 5/2*f**2. What is c(a)?
-9
Let y = -19 - -19. Suppose y = -3*s - 0 + 6. Suppose -s*u + 12 = -3*a + 2*a, -4*a + u = 20. Let q(h) = -h - 7. Determine q(a).
-3
Let r(v) = 8*v**2 + 107*v - 29. Let n(q) = -13*q**2 - 169*q + 44. Let t(c) = 5*n(c) + 8*r(c). What is t(15)?
-72
Let b(v) be the third derivative of v**5/60 - 13*v**4/24 + 3*v**3 - 369*v**2. Determine b(12).
6
Let h(k) be the first derivative of k**4/4 - 5*k**3/3 - 7*k**2/2 + 2*k + 1. Suppose 0 = -129*c + 192 + 582. Determine h(c).
-4
Let g(r) = -r**2 + 7*r - 8. Suppose -14 = -672*z + 665*z. Suppose -4*i = 10*m - 12*m, -2*m + 6 = -z*i. What is g(m)?
-2
Let f(v) = -14*v - 39. Let t(h) = -31*h - 80. Let d(j) = 11*f(j) - 5*t(j). What is d(-6)?
-35
Let v(x) be the third derivative of -x**8/6720 - x**7/5040 - x**6/720 - 47*x**5/60 - 94*x**2. Let g(q) be the third derivative of v(q). Calculate g(-1).
-3
Let y(v) = 35 + 3*v + 38 + 0 - 9*v. Let c be y(0). Let o = c + -66. Let q(z) = -z**2 + 7*z + 7. Calculate q(o).
7
Let p(l) be the first derivative of l**4/24 - l**3/6 - 17*l**2/2 + 17. Let t(y) be the second derivative of p(y). Determine t(7).
6
Let s(n) = -n**3 - 9*n**2 - 9*n - 8. Let v be s(-8). Let p(d) be the first derivative of 1/2*d**2 + 80 - 12*d. Determine p(v).
-12
Let d(h) be the second derivative of 0*h**4 + 3/2*h**3 + 0*h**2 - 1/60*h**5 - 10*h + 0. Let a(j) be the second derivative of d(j). What is a(2)?
-4
Suppose 5*b + 165 = 4*c, 3*c + c - 4*b = 164. Let q = c + -38. Let n(k) = -2*k - k + 6*k - k**2 - q*k. Determine n(4).
-12
Let d be 132/12 - (3 + -2). Let v(l) = -l + d + 4*l - 4*l + 2*l - 6*l. Calculate v(-9).
55
Let s(k) = -3*k - 1. Let d(p) = -4*p - 1. Let y = -5 + 10. Let t(g) = y*s(g) - 6*d(g). Suppose u + 3*j - 90 = -95, 4*j = 2*u - 10. Give t(u).
10
Let w(j) = 4*j - 9. Suppose -533*r = -540*r - 105. Let p be (-70)/(r/(-3))*(-1)/2. Give w(p).
19
Suppose 78*g = 82*g - 56. Let q(l) = -l**3 - 9*l**2 + g*l + 0 - 3*l - 2*l**2 - 9. Calculate q(-12).
3
Suppose -2*d = d - 15. Let y(q) = -3 + d*q**2 - q**2 + 2 - 3*q**2 + q. Let s(g) = -3*g**2 + 11*g - 3. Let z be s(0). What is y(z)?
5
Suppose -5*t + 14 = 4*j, 2*j + 3*t - 6 = 2. Let w be (j - (-4)/(-1)) + 3. Let d be -2 - (-7 + 2) - (7 - w). Let y(x) = -x**3 - 5*x**2 - x - 4. Calculate y(d).
-16
Let n(l) = -l. Let x(s) = -7*s - 13. Suppose z - 6*z - 5 = 0. Let p(o) = z*x(o) + 6*n(o). Let t(i) = i**2 + 1711*i - 346612. Let a be t(183). Give p(a).
3
Let i(n) = 5 - 5 + 3*n**2 - n. Suppose -q - 23*t - 50 = -20*t, -4*t + 155 = -5*q. Let x be (3 + -10)*(-10)/q. Determine i(x).
14
Suppose 5*y = -2*x + 11, -y - 2*x = y - 8. Let a = -10 - -13. Let l(d) = -8*d - 3*d**a - 2*d**2 + 7*d + d + 1. Calculate l(y).
-4
Let o(a) = -8*a + 4 - 1 - 2. Let r(g) = -g**2 - 10*g + 332. Let p be r(-23). Suppose 22*h - p = -11*h. Calculate o(h).
-7
Let c(w) be the third derivative of w**6/120 + w**5/60 - w**4/24 + 1514*w**2. Give c(2).
10
Suppose 5*x = 47 + 193. Let u be 16/x - 26/(-3). Let t(g) = g**2 - 5*g - 11. What is t(u)?
25
Let n(d) = -2*d + 11. Let q(j) = 2*j**2 + 19*j + 24. Let o be q(-8). Suppose -3*b = 12, 3*l - 3*b - 42 = -o*b. Give n(l).
-9
Let d(x) = -466 + 222 + 243 - 5*x. Suppose 4*y - 3 = -7. Give d(y).
4
Let v(h) be the second derivative of 0*h**2 - 4 + 2/3*h**3 + h. Let u(t) = 3*t + 5. Let z be u(-2). Determine v(z).
-4
Let k be (-22)/(-4)*-3*(-44)/66. Let l(o) = -o**3 + 10*o**2 + 11*o - 35. Determine l(k).
-35
Let v(w) = -55*w**3 - 4*w**2 - 4*w + 4. Let b(a) = 13*a**3 + a**2 + a - 1. Let m(p) = -15*b(p) - 4*v(p). Give m(1).
26
Let f be 9/39 + (-10920)/1183. Let s(u) = u**3 + 10*u**2 + 3*u - 7. Determine s(f).
47
Suppose -4*l = -2*t - 68 + 66, 3*l - 5*t + 2 = 0. Let k be 109 + -107 + 3*l. Let h(f) = 2 - 3 + 3*f - 4*f. Determine h(k).
-6
Let o(a) = -3*a + 9. Let z(l) = -3*l - 37. Let p be z(-9). Let u be (3/3)/((-2)/p). Give o(u).
-6
Let o be (-10 - 930/(-90))*(1 + 2*10). Let u(j) = -j**3 + 8*j**2 - 8*j + 23. What is u(o)?
16
Let g(b) = -b**2 + 5 + 3 - 15*b + 7*b. Let m be 4 - 3 - (-20)/(-5). Let n be 5 - (m - -3) - (-26)/(-2). Calculate g(n).
8
Let p = 190 + -193. Let i be (1 - -2)*-4*p/(-36). Let l(y) = -10*y. What is l(i)?
10
Let v(d) = d**2 + 7*d - 1. Let f(j) = -42 + 202 + 21 - 5*j + 12*j + 10*j. Let h be f(-11). Give v(h).
-7
Let g(p) = p**2 - 2. Let q(z) = z + 1. Let u(s) = -2*g(s) - 5*q(s). Let v = -8 - -4. Determine u(v).
-13
Let k(d) = 5*d**2 - 13*d - 104. Suppose -3*s + 22*h + 39 = 19*h, -2 = 2*s + 2*h. What is k(s)?
-2
Let v(j) be the third derivative of j**5/30 + 5*j**4/12 - j**3/3 - 1125*j**2. Determine v(-7).
26
Let w(y) = -y**3 + 6*y**2 - 4*y - 2. Let v be 5370/(-70) - 2/7. Let s = v - -81. Suppose -b + 8 = -l, -5*b + s = l - 18. Give w(b).
3
Let j(p) be the third derivative of 122*p**2 + 0 - 1/6*p**3 - 1/24*p**4 + 0*p - 1/60*p**5. What is j(0)?
-1
Let i(v) = 109*v - 52*v - v + 0 + 7*v**2 + 5. Let k be i(-8). Let a(g) = -g**3 + 5*g**2 + 4*g + 2. Calculate a(k).
22
Let c be 329/77 + (-9)/33. Let t be (50/(-14) + c)/(3/21). Let p(z) = 10*z - 3. What is p(t)?
27
Let b(k) = -4366 + 4417 + 34*k - 30*k. Calculate b(-17).
-17
Let s(g) = 6*g + 9 + 8 - g**3 - 24 + 12 + 4*g**2. Let l(o) = -4*o - 139. Let b be l(-36). Determine s(b).
10
Let q(n) = n**2 - 8*n - 16. Let g(z) = 4*z**2 - 34*z - 74. Let s(y) = 2*g(y) - 9*q(y). Let i(l) = l**3 - 5*l**2 + 5*l. Let t be i(4). Give s(t).
-4
Let n(w) = -w**2 + w. Let d(m) = -3*m**2 - 2*m + 6. Let f(s